*2 - 16*l + 12. Let i(p) = p**2 - 18*p + 9. Let w be i(18). What is the remainder when d(w) is divided by z?
6
Let h(g) = g**2 - 6*g - 6. What is the remainder when h(-4) is divided by 9?
7
Let c = 35 + -33. Calculate the remainder when ((-53)/c)/(2/(-4)) is divided by 28.
25
Let p(n) = -4*n + 132. Calculate the remainder when 174 is divided by p(11).
86
Let a be 108/(-8)*2/1. Let q(s) = 3*s + 83. Calculate the remainder when 4 is divided by q(a).
0
Let i be -4 + (2 - -4*3). Let h = i + 16. Calculate the remainder when 49 is divided by h.
23
Suppose 2*s - 370 = 4*h - 56, 330 = 2*s + 4*h. What is the remainder when s is divided by 47?
20
Suppose -4*v + 1023 = -2*l - 315, -3*l - 1337 = -4*v. What is the remainder when v is divided by 26?
23
Suppose 2*g - c = 3, -3*c = 2*g + 2 + 7. Let p(u) = -5 + 2 + g - 6*u - 4. What is the remainder when p(-5) is divided by 8?
7
Suppose 2*t + 5*v = 14 + 11, 73 = 5*t + 2*v. What is the remainder when 85 is divided by t?
10
Let n be (-4)/(4/(-9))*(-16)/(-24). Suppose 14*a = 16*a - 8. Suppose -n*p + a*p = -12. What is the remainder when 23 is divided by p?
5
Let o = 1172 - 1017. Calculate the remainder when o is divided by 3.
2
Suppose -y - 13 = -3*q - 3, -5*q = -4*y - 26. Suppose q*i - 90 = -3*i. Calculate the remainder when 37 is divided by (-40)/6*(-27)/i.
7
Suppose -3*k - 47 = -143. Let w = 49 - k. What is the remainder when 29 is divided by w?
12
Let d(j) = 6*j**2 + 2*j + 4. What is the remainder when d(-3) is divided by 23?
6
Let a be -127*1*1/(-1). Suppose 7*r - a = 6*r. What is the remainder when r is divided by 32?
31
Suppose 2*s + 6*c - 152 = 4*c, 4*c = 2*s - 158. Let x(d) = d + 4. Let q be x(8). Calculate the remainder when s is divided by (-4)/(q/(-10) - -1).
17
Suppose 0 = 3*t + u - 61, -t + u + 72 = 3*t. Let i = 5 - 1. Suppose i*w - 13 - 203 = 0. What is the remainder when w is divided by t?
16
Let f(v) = 3*v**2 - 23*v + 122. Calculate the remainder when f(10) is divided by 18.
12
Suppose 0 = 4*a + 3*a - 1309. What is the remainder when a is divided by 27?
25
Let v = -141 + 345. What is the remainder when v is divided by 16?
12
Suppose 8 = 4*b - 4. Suppose 3*l + 3*h = -2*h - 8, -3*l + b*h = -24. What is the remainder when 21 is divided by l?
1
Suppose -4*k - 8*d + 3*d = -33, -3*k + d + 20 = 0. Calculate the remainder when 187 is divided by k.
5
Let w(o) be the third derivative of -o**6/12 - o**5/60 - o**4/24 - 5*o**2. Let l = -41 - -68. Calculate the remainder when l is divided by w(-1).
7
Let u = 9 + -7. Suppose -v + 4*v - 18 = 3*m, -u*v + 36 = 4*m. Suppose -v*q + 13*q - 270 = 0. Calculate the remainder when q is divided by 31.
28
Suppose -14*o = -838 - 226. Let p = o - 60. What is the remainder when 46 is divided by p?
14
Calculate the remainder when 52 + (-8)/(24/(-9)) is divided by 30.
25
Let a be 2/((-32)/(-156)*12/(-208)). Suppose 4*l + 686 = -2*r - 410, -r = 0. Let w = a - l. Calculate the remainder when w is divided by 27.
24
Let h = -54 - -72. Calculate the remainder when 37 is divided by h.
1
Suppose u = -5*o + 838, u = 6*u - 15. Calculate the remainder when o is divided by 7.
6
Let f = -60 + 54. Let y(x) = -21*x + 4. What is the remainder when y(f) is divided by 33?
31
Suppose -5*j + 32 + 8 = 0. Let d be ((-6)/(-30))/((28/40)/7). Suppose -f + 47 = 4*r - d*r, -3*r + f + 63 = 0. What is the remainder when r is divided by j?
6
Let y be 79 - 0/5 - -3. Suppose 2*b = -2*w - 10 + y, -130 = -4*b + 3*w. What is the remainder when 100 is divided by b?
32
Let k be -2 - (14/1)/2. Let p(d) = d**2 + 9*d + 8. Let u be p(k). What is the remainder when 25 is divided by -2*((-36)/u + 0)?
7
Suppose -o + 18 - 90 = 0. Let n(a) = a**3 - 7*a**2 + 7*a + 8. Let l be n(8). Let i = l + o. What is the remainder when i is divided by 20?
16
Let v(y) = 16*y**3 + 17*y - 17. Suppose 0 = -4*k - f + 303, 5*f + 111 + 68 = 2*k. What is the remainder when k is divided by v(1)?
13
Let t be 2 + (-4)/((-12)/2463). Let z = -1269 + t. What is the remainder when (-6)/(-21) - z/7 is divided by 22?
20
Let h(s) = 41*s - 65. What is the remainder when 507 is divided by h(2)?
14
Suppose -14*w + 1218 = -7*w. Calculate the remainder when w is divided by 35.
34
Let f = -6 - -10. Suppose f*c - 45 = -c. What is the remainder when 20*1/4*7 is divided by c?
8
Let b(a) = -6*a + 47. Let i be b(7). Suppose -6*z = i*z - 242. Suppose -172 = l - 3*l. What is the remainder when l is divided by z?
20
Let q = -16 + 14. What is the remainder when 2 + (q/5 - 11627/(-55)) is divided by 43?
41
Let b = 499 - 488. What is the remainder when 30 is divided by b?
8
Suppose 1 + 1 = g. Suppose -5*d = -4*m + 47, -4*d + 74 = g*m + m. Suppose -2*i + 2*q = -m, -3*q = i - 6*q - 1. Calculate the remainder when 23 is divided by i.
10
Let u = 786 - 665. Calculate the remainder when u is divided by 14.
9
Let r(j) = j**3 - j + 2. Let c be r(1). Suppose 0 = -c*m + 6*m - 128. What is the remainder when 125 is divided by m?
29
Suppose 4*g - 89 = -1. Suppose 2*c = 10 + g. Suppose 7*l = 10*l - 18. What is the remainder when c is divided by l?
4
Suppose 2 - 12 = -2*r + 2*t, 2*r - 3*t = 8. Suppose 4*d - 3*k = 2*k + 178, 2*d - 3*k = 88. Calculate the remainder when d is divided by r.
5
Suppose -34*c + 3*c = -1550. What is the remainder when 253 is divided by c?
3
Suppose -3*z + 13 = 4*x - 0*x, -9 = -4*z + 3*x. Suppose -7*s + z*s = -4. Calculate the remainder when 72 is divided by (-3)/9*(s - 112).
35
Let l(i) = -i**2 - 9*i + 15. What is the remainder when l(-6) is divided by 5?
3
Let f = -32 + 41. Suppose -199 = -f*z + 17. Calculate the remainder when 93 is divided by z.
21
Suppose -t = 4*t - 585. Suppose -3*c + 45 = -t. What is the remainder when c is divided by 11?
10
Suppose 3*s - 25 = 4*s + g, -4*g - 16 = 0. Let o = 21 - s. Suppose -5*d = 2*b - o, -5*d - 24 + 11 = -3*b. Calculate the remainder when 41 is divided by b.
8
Calculate the remainder when 159 is divided by -40*(15/3 + (-81)/15).
15
Let q = 743 - 736. What is the remainder when 58 is divided by q?
2
Let m = 1115 - 1073. Calculate the remainder when m is divided by -4*2/(-4)*11.
20
Let y(t) = -7*t**2 + 8*t**2 + 15 + 0*t**2 - 8*t. What is the remainder when 22 is divided by y(7)?
6
Let r(c) = c - 1. Let v be r(3). Suppose 268 = v*g + 4*s, 5*g + 4*s - 5*s = 626. What is the remainder when g is divided by 16?
14
Let a(t) = 19*t - 6. What is the remainder when a(4) is divided by 0 - (-24)/((-7)/(-7))?
22
Let d = -11 - -1005. Suppose -416 = -5*y + d. Suppose 0*s = s + 4*j - 88, -2*j = 4*s - y. Calculate the remainder when s is divided by 14.
12
Let g(c) = -c**2 - 18*c - 1. Let u(f) = -f**2 + f - 11. Let h be u(3). What is the remainder when 47 is divided by g(h)?
15
Let v(y) = -4*y + 9. Let r(i) = -3*i + 8. Let c(g) = -6*r(g) + 5*v(g). What is the remainder when 16 is divided by c(-6)?
7
Suppose -4*h + 5*b + 82 = 0, -5*h - 138*b + 139*b + 92 = 0. Calculate the remainder when 4*1*17/2 is divided by h.
16
Let u = 12 + -1. Suppose -2*i - 6 = -2, i = a - 22. What is the remainder when a is divided by u?
9
Suppose -3*y + 14 + 11 = -4*d, 5 = d. Calculate the remainder when 127 is divided by (192/9)/(10/y).
31
Let x(f) = -f**3 + 19*f**2 + 44. Calculate the remainder when 125 is divided by x(19).
37
Let y(w) = 3*w**3 - 5*w**2 + 3*w. Let d(i) = -10*i**3 + 15*i**2 - 10*i. Let f(m) = 2*d(m) + 7*y(m). Calculate the remainder when f(5) is divided by 3.
2
Suppose 2665*v - 2666*v = -8. Let s = -1 - -37. What is the remainder when s is divided by v?
4
Let i(t) = -t**2 + 39*t + 285. What is the remainder when 24 is divided by i(-6)?
9
Suppose 8 = -3*n + 14, -5*r + 5*n + 10 = 0. Calculate the remainder when 37 is divided by r.
1
Let c = -12 - -11. Suppose 23 = 2*r + 5*h, -r + 2*h = -2*h - 18. Calculate the remainder when r is divided by (-14 + 11)/(22/(-16) - c).
6
Suppose 0 = -4*u + 563 + 141. What is the remainder when u is divided by 30?
26
Suppose 1608 = 29*d - 26*d + o, o + 2151 = 4*d. What is the remainder when d is divided by 9?
6
Let j(o) = 7*o**2 + 7*o + 7. Calculate the remainder when j(-3) is divided by 27.
22
Let b = -22 + 27. Suppose 269 = b*m + 49. Calculate the remainder when m is divided by 9.
8
Let i = -76 - -120. Let t(a) = 3*a**2 + 11*a + 1. Calculate the remainder when t(6) is divided by i.
43
Let s(k) = 19*k + 8. Le